{"id":2007,"date":"2025-05-16T14:46:58","date_gmt":"2025-05-16T12:46:58","guid":{"rendered":"https:\/\/medipro.lima-city.de\/?post_type=product&#038;p=2007"},"modified":"2025-05-23T13:50:15","modified_gmt":"2025-05-23T11:50:15","slug":"weleda-baby-waschlotion-shampoo-calendula-200-ml","status":"publish","type":"product","link":"https:\/\/medipro.lima-city.de\/?product=weleda-baby-waschlotion-shampoo-calendula-200-ml","title":{"rendered":"Weleda Baby Waschlotion &#038; Shampoo Calendula (200 ml)"},"content":{"rendered":"<h3 class=\"\" data-start=\"133\" data-end=\"179\">\ud83c\udf3c <strong data-start=\"140\" data-end=\"177\">Kurzinformation:<\/strong><\/h3>\n<p class=\"\" data-start=\"180\" data-end=\"486\">Die <strong data-start=\"184\" data-end=\"226\">Weleda Calendula Waschlotion &amp; Shampoo<\/strong> reinigt Babyhaut und -haare besonders sanft \u2013 ganz ohne Seife. Pflegende Inhaltsstoffe wie Sesam- und Mandel\u00f6l bewahren die Haut vor dem Austrocknen. Der Calendula-Bl\u00fctenextrakt (Ringelblume) wirkt beruhigend und unterst\u00fctzt die nat\u00fcrliche Hautregeneration.<\/p>\n<p class=\"\" data-start=\"488\" data-end=\"776\">Dank der milden Formulierung brennt das Produkt nicht in den Augen und sorgt f\u00fcr leicht k\u00e4mmbares Haar. Die sehr gute Hautvertr\u00e4glichkeit \u2013 auch bei hochsensibler Haut oder Milchschorf \u2013 ist dermatologisch und kinder\u00e4rztlich best\u00e4tigt. Auch f\u00fcr Erwachsene mit empfindlicher Haut geeignet.<\/p>\n<h3 class=\"\" data-start=\"783\" data-end=\"814\">\ud83d\udc76 <strong data-start=\"790\" data-end=\"812\">Anwendungsgebiete:<\/strong><\/h3>\n<p class=\"\" data-start=\"815\" data-end=\"1034\">Ideal zur sanften Reinigung von K\u00f6rper und Haar bei Babys, Kleinkindern und Erwachsenen mit empfindlicher, trockener oder schuppiger Haut. Das enthaltene Mandel\u00f6l sorgt f\u00fcr intensive Pflege und sch\u00fctzt die Hautbarriere.<\/p>\n<h3 class=\"\" data-start=\"1041\" data-end=\"1064\">\ud83e\uddf4 <strong data-start=\"1048\" data-end=\"1062\">Anwendung:<\/strong><\/h3>\n<p class=\"\" data-start=\"1065\" data-end=\"1170\">Auf nasser Haut oder im Haar verteilen, sanft aufsch\u00e4umen und anschlie\u00dfend gr\u00fcndlich mit Wasser absp\u00fclen.<\/p>\n","protected":false},"excerpt":{"rendered":"<p>Sanfte Reinigung von Kopf bis Fu\u00df \u2013 mit Heilpflanzenausz\u00fcgen sowie Sesam- und Mandel\u00f6l. Ideal f\u00fcr empfindliche Haut bei Babys, Kleinkindern und Erwachsenen.<\/p>\n","protected":false},"featured_media":2008,"template":"","meta":{"site-sidebar-layout":"default","site-content-layout":"","ast-site-content-layout":"default","site-content-style":"default","site-sidebar-style":"default","ast-global-header-display":"","ast-banner-title-visibility":"","ast-main-header-display":"","ast-hfb-above-header-display":"","ast-hfb-below-header-display":"","ast-hfb-mobile-header-display":"","site-post-title":"","ast-breadcrumbs-content":"","ast-featured-img":"","footer-sml-layout":"","theme-transparent-header-meta":"default","adv-header-id-meta":"","stick-header-meta":"","header-above-stick-meta":"","header-main-stick-meta":"","header-below-stick-meta":"","astra-migrate-meta-layouts":"set","ast-page-background-enabled":"default","ast-page-background-meta":{"desktop":{"background-color":"","background-image":"","background-repeat":"repeat","background-position":"center center","background-size":"auto","background-attachment":"scroll","background-type":"","background-media":"","overlay-type":"","overlay-color":"","overlay-opacity":"","overlay-gradient":""},"tablet":{"background-color":"","background-image":"","background-repeat":"repeat","background-position":"center center","background-size":"auto","background-attachment":"scroll","background-type":"","background-media":"","overlay-type":"","overlay-color":"","overlay-opacity":"","overlay-gradient":""},"mobile":{"background-color":"","background-image":"","background-repeat":"repeat","background-position":"center center","background-size":"auto","background-attachment":"scroll","background-type":"","background-media":"","overlay-type":"","overlay-color":"","overlay-opacity":"","overlay-gradient":""}},"ast-content-background-meta":{"desktop":{"background-color":"var(--ast-global-color-5)","background-image":"","background-repeat":"repeat","background-position":"center center","background-size":"auto","background-attachment":"scroll","background-type":"","background-media":"","overlay-type":"","overlay-color":"","overlay-opacity":"","overlay-gradient":""},"tablet":{"background-color":"var(--ast-global-color-5)","background-image":"","background-repeat":"repeat","background-position":"center center","background-size":"auto","background-attachment":"scroll","background-type":"","background-media":"","overlay-type":"","overlay-color":"","overlay-opacity":"","overlay-gradient":""},"mobile":{"background-color":"var(--ast-global-color-5)","background-image":"","background-repeat":"repeat","background-position":"center center","background-size":"auto","background-attachment":"scroll","background-type":"","background-media":"","overlay-type":"","overlay-color":"","overlay-opacity":"","overlay-gradient":""}}},"product_brand":[70],"product_cat":[39],"product_tag":[47,45,46,48,44,40,50,49],"class_list":{"0":"post-2007","1":"product","2":"type-product","3":"status-publish","4":"has-post-thumbnail","6":"product_brand-weleda","7":"product_cat-apotheke","8":"product_tag-baby","9":"product_tag-creme","10":"product_tag-feutigkeit","11":"product_tag-kinder","12":"product_tag-lotion","13":"product_tag-shampoo","14":"product_tag-waschlotion","15":"product_tag-weleda","16":"desktop-align-center","17":"tablet-align-left","18":"mobile-align-left","20":"first","21":"instock","22":"taxable","23":"shipping-taxable","24":"purchasable","25":"product-type-simple"},"_links":{"self":[{"href":"https:\/\/medipro.lima-city.de\/index.php?rest_route=\/wp\/v2\/product\/2007","targetHints":{"allow":["GET"]}}],"collection":[{"href":"https:\/\/medipro.lima-city.de\/index.php?rest_route=\/wp\/v2\/product"}],"about":[{"href":"https:\/\/medipro.lima-city.de\/index.php?rest_route=\/wp\/v2\/types\/product"}],"wp:featuredmedia":[{"embeddable":true,"href":"https:\/\/medipro.lima-city.de\/index.php?rest_route=\/wp\/v2\/media\/2008"}],"wp:attachment":[{"href":"https:\/\/medipro.lima-city.de\/index.php?rest_route=%2Fwp%2Fv2%2Fmedia&parent=2007"}],"wp:term":[{"taxonomy":"product_brand","embeddable":true,"href":"https:\/\/medipro.lima-city.de\/index.php?rest_route=%2Fwp%2Fv2%2Fproduct_brand&post=2007"},{"taxonomy":"product_cat","embeddable":true,"href":"https:\/\/medipro.lima-city.de\/index.php?rest_route=%2Fwp%2Fv2%2Fproduct_cat&post=2007"},{"taxonomy":"product_tag","embeddable":true,"href":"https:\/\/medipro.lima-city.de\/index.php?rest_route=%2Fwp%2Fv2%2Fproduct_tag&post=2007"}],"curies":[{"name":"wp","href":"https:\/\/api.w.org\/{rel}","templated":true}]}}

<h3 class="" data-start="133" data-end="179">🌼 <strong data-start="140" data-end="177">Kurzinformation:</strong></h3>
<p class="" data-start="180" data-end="486">Die <strong data-start="184" data-end="226">Weleda Calendula Waschlotion &amp; Shampoo</strong> reinigt Babyhaut und -haare besonders sanft – ganz ohne Seife. Pflegende Inhaltsstoffe wie Sesam- und Mandelöl bewahren die Haut vor dem Austrocknen. Der Calendula-Blütenextrakt (Ringelblume) wirkt beruhigend und unterstützt die natürliche Hautregeneration.</p>
<p class="" data-start="488" data-end="776">Dank der milden Formulierung brennt das Produkt nicht in den Augen und sorgt für leicht kämmbares Haar. Die sehr gute Hautverträglichkeit – auch bei hochsensibler Haut oder Milchschorf – ist dermatologisch und kinderärztlich bestätigt. Auch für Erwachsene mit empfindlicher Haut geeignet.</p>
<h3 class="" data-start="783" data-end="814">👶 <strong data-start="790" data-end="812">Anwendungsgebiete:</strong></h3>
<p class="" data-start="815" data-end="1034">Ideal zur sanften Reinigung von Körper und Haar bei Babys, Kleinkindern und Erwachsenen mit empfindlicher, trockener oder schuppiger Haut. Das enthaltene Mandelöl sorgt für intensive Pflege und schützt die Hautbarriere.</p>
<h3 class="" data-start="1041" data-end="1064">🧴 <strong data-start="1048" data-end="1062">Anwendung:</strong></h3>
<p class="" data-start="1065" data-end="1170">Auf nasser Haut oder im Haar verteilen, sanft aufschäumen und anschließend gründlich mit Wasser abspülen.</p>

<p>Sanfte Reinigung von Kopf bis Fuß – mit Heilpflanzenauszügen sowie Sesam- und Mandelöl. Ideal für empfindliche Haut bei Babys, Kleinkindern und Erwachsenen.</p>
